{"id":374,"date":"2023-10-13T13:29:39","date_gmt":"2023-10-13T16:29:39","guid":{"rendered":"https:\/\/vignolaingenieria.cl\/?page_id=374"},"modified":"2023-10-13T13:50:57","modified_gmt":"2023-10-13T16:50:57","slug":"ensayos-convencionales","status":"publish","type":"page","link":"https:\/\/vignolaingenieria.cl\/index.php\/338-2\/ensayos-convencionales\/","title":{"rendered":"Ensayos convencionales"},"content":{"rendered":"\n<div class=\"wp-block-uagb-container uagb-block-63075c9b alignfull uagb-is-root-container\"><div class=\"uagb-container-inner-blocks-wrap\">\n<div class=\"wp-block-uagb-container uagb-block-30759cc1\">\n<div class=\"wp-block-cover\" style=\"min-height:623px;aspect-ratio:unset;\"><span aria-hidden=\"true\" class=\"wp-block-cover__background has-background-dim\"><\/span><img loading=\"lazy\" decoding=\"async\" width=\"850\" height=\"550\" class=\"wp-block-cover__image-background wp-image-189\" alt=\"\" src=\"http:\/\/vignolaingenieria.cl\/wp-content\/uploads\/2023\/10\/pm-a.jpg\" style=\"object-position:55% 54%\" data-object-fit=\"cover\" data-object-position=\"55% 54%\"\/><div class=\"wp-block-cover__inner-container is-layout-constrained wp-block-cover-is-layout-constrained\">\n<p class=\"has-text-align-center has-large-font-size\"><\/p>\n<\/div><\/div>\n<\/div>\n\n\n\n<div class=\"wp-block-uagb-container uagb-block-ce40c749\">\n<div class=\"wp-block-uagb-info-box uagb-block-d7db29db uagb-infobox__content-wrap  uagb-infobox-icon-above-title uagb-infobox-image-valign-top\"><div class=\"uagb-ifb-content\"><div class=\"uagb-ifb-title-wrap\"><h2 class=\"uagb-ifb-title\">PART\u00cdCULAS MAGN\u00c9TICAS &#8211; MT<\/h2><\/div><p class=\"uagb-ifb-desc\">Este es un m\u00e9todo de inspecci\u00f3n No Destructiva es aplicable a materiales con caracter\u00edsticas ferro magn\u00e9tico. Este emplea la inducci\u00f3n electromagn\u00e9tica en las piezas y la detecci\u00f3n de indicaciones abiertas a la superficie, tales como; faltas de fusiones, grietas. Esta t\u00e9cnica de ensayo puede ser aplicada por part\u00edculas visibles con luz blanca o con luz ultravioleta<\/p><div class=\"uagb-ifb-button-wrapper wp-block-button\"><a href=\"#\" class=\"uagb-infobox-cta-link wp-block-button__link\" target=\"_self\" rel=\"noopener noreferrer\" onclick=\"return false;\" alt=\"\"><span class=\"uagb-inline-editing\"><\/span><\/a><\/div><\/div><\/div>\n\n\n\n<div class=\"wp-block-uagb-container uagb-block-ec792910\">\n<div class=\"wp-block-uagb-container uagb-block-aa830f0f\">\n<h4 class=\"wp-block-heading\">CARACTER\u00cdSTICAS<\/h4>\n\n\n\n<ul class=\"wp-block-list\">\n<li>Yugo<\/li>\n\n\n\n<li>Bobina<\/li>\n<\/ul>\n<\/div>\n<\/div>\n<\/div>\n<\/div><\/div>\n\n\n\n<div class=\"wp-block-uagb-container uagb-block-04474ec2 alignfull uagb-is-root-container\"><div class=\"uagb-container-inner-blocks-wrap\">\n<div class=\"wp-block-uagb-container uagb-block-e418e5d2\">\n<div class=\"wp-block-cover\" style=\"min-height:623px;aspect-ratio:unset;\"><span aria-hidden=\"true\" class=\"wp-block-cover__background has-background-dim\"><\/span><img loading=\"lazy\" decoding=\"async\" width=\"850\" height=\"550\" class=\"wp-block-cover__image-background wp-image-379\" alt=\"\" src=\"https:\/\/vignolaingenieria.cl\/wp-content\/uploads\/2023\/10\/UT-b-1.jpg\" style=\"object-position:37% 59%\" data-object-fit=\"cover\" data-object-position=\"37% 59%\" srcset=\"https:\/\/vignolaingenieria.cl\/wp-content\/uploads\/2023\/10\/UT-b-1.jpg 850w, https:\/\/vignolaingenieria.cl\/wp-content\/uploads\/2023\/10\/UT-b-1-300x194.jpg 300w, https:\/\/vignolaingenieria.cl\/wp-content\/uploads\/2023\/10\/UT-b-1-768x497.jpg 768w\" sizes=\"auto, (max-width: 850px) 100vw, 850px\" \/><div class=\"wp-block-cover__inner-container is-layout-constrained wp-block-cover-is-layout-constrained\">\n<p class=\"has-text-align-center has-large-font-size\"><\/p>\n<\/div><\/div>\n<\/div>\n\n\n\n<div class=\"wp-block-uagb-container uagb-block-a5438f8d\">\n<div class=\"wp-block-uagb-info-box uagb-block-7aa21212 uagb-infobox__content-wrap  uagb-infobox-icon-above-title uagb-infobox-image-valign-top\"><div class=\"uagb-ifb-content\"><div class=\"uagb-ifb-title-wrap\"><h2 class=\"uagb-ifb-title\">ULTRASONIDOS &#8211; UT<\/h2><\/div><p class=\"uagb-ifb-desc\">Este m\u00e9todo se basa en la propagaci\u00f3n de una se\u00f1al ultras\u00f3nica a trav\u00e9s de un material, detectando reflexiones que pueden ser catalogadas y evaluadas. Este sistema de ensayo<\/p><div class=\"uagb-ifb-button-wrapper wp-block-button\"><a href=\"#\" class=\"uagb-infobox-cta-link wp-block-button__link\" target=\"_self\" rel=\"noopener noreferrer\" onclick=\"return false;\" alt=\"\"><span class=\"uagb-inline-editing\"><\/span><\/a><\/div><\/div><\/div>\n\n\n\n<div class=\"wp-block-uagb-container uagb-block-075eef37\">\n<div class=\"wp-block-uagb-container uagb-block-37b9c616\">\n<h4 class=\"wp-block-heading\">CARACTER\u00cdSTICAS<\/h4>\n\n\n\n<ul class=\"wp-block-list\">\n<li>Requiere el acceso por una cara de la pieza<\/li>\n\n\n\n<li>Es aplicable a distintos tipos de materiales; Aceros, aluminios, pl\u00e1sticos, etc.<\/li>\n\n\n\n<li>Es de r\u00e1pida aplicaci\u00f3n y resultados instant\u00e1neos.<\/li>\n\n\n\n<li>Puede ser aplicado en ensayo a; soldaduras, piezas fundidas, ejes, para la medici\u00f3n de espesores.<\/li>\n<\/ul>\n<\/div>\n<\/div>\n<\/div>\n<\/div><\/div>\n\n\n\n<div class=\"wp-block-uagb-container uagb-block-9c142674 alignfull uagb-is-root-container\"><div class=\"uagb-container-inner-blocks-wrap\">\n<div class=\"wp-block-uagb-container uagb-block-b569bc53\">\n<div class=\"wp-block-cover\" style=\"min-height:623px;aspect-ratio:unset;\"><span aria-hidden=\"true\" class=\"wp-block-cover__background has-background-dim\"><\/span><img loading=\"lazy\" decoding=\"async\" width=\"941\" height=\"706\" class=\"wp-block-cover__image-background wp-image-249\" alt=\"\" src=\"http:\/\/vignolaingenieria.cl\/wp-content\/uploads\/2023\/10\/img_0730-2.jpg\" style=\"object-position:35% 54%\" data-object-fit=\"cover\" data-object-position=\"35% 54%\" srcset=\"https:\/\/vignolaingenieria.cl\/wp-content\/uploads\/2023\/10\/img_0730-2.jpg 941w, https:\/\/vignolaingenieria.cl\/wp-content\/uploads\/2023\/10\/img_0730-2-300x225.jpg 300w, https:\/\/vignolaingenieria.cl\/wp-content\/uploads\/2023\/10\/img_0730-2-768x576.jpg 768w\" sizes=\"auto, (max-width: 941px) 100vw, 941px\" \/><div class=\"wp-block-cover__inner-container is-layout-constrained wp-block-cover-is-layout-constrained\">\n<p class=\"has-text-align-center has-large-font-size\"><\/p>\n<\/div><\/div>\n<\/div>\n\n\n\n<div class=\"wp-block-uagb-container uagb-block-e21593ca\">\n<div class=\"wp-block-uagb-info-box uagb-block-d5930459 uagb-infobox__content-wrap  uagb-infobox-icon-above-title uagb-infobox-image-valign-top\"><div class=\"uagb-ifb-content\"><div class=\"uagb-ifb-title-wrap\"><h2 class=\"uagb-ifb-title\">L\u00edquidos Penetrantes<\/h2><\/div><p class=\"uagb-ifb-desc\">M\u00e9todo de ensayo mediante la aplicaci\u00f3n de un l\u00edquido que moja la superficie de la pieza ingresando a intersticios abiertos a la superficie, en materiales de distinta naturaleza, tales como; aceros, materiales no ferrosos, pl\u00e1sticos, pol\u00edmeros, cer\u00e1micos, o cualquier material (no poroso), que puedan presentan indicaciones abiertas a la superficie. Esta t\u00e9cnica de ensayo puede ser aplicada con l\u00edquidos visibles con luz blanca o con luz ultravioleta<\/p><div class=\"uagb-ifb-button-wrapper wp-block-button\"><a href=\"#\" class=\"uagb-infobox-cta-link wp-block-button__link\" target=\"_self\" rel=\"noopener noreferrer\" onclick=\"return false;\" alt=\"\"><span class=\"uagb-inline-editing\"><\/span><\/a><\/div><\/div><\/div>\n\n\n\n<div class=\"wp-block-uagb-container uagb-block-7b1899c2\">\n<div class=\"wp-block-uagb-container uagb-block-79bebed6\">\n<h4 class=\"wp-block-heading\">CARACTER\u00cdSTICAS<\/h4>\n\n\n\n<ul class=\"wp-block-list\">\n<li>Aplicable a di\u00e1metros desde 1,5\u201d a 24\u201d, mayores di\u00e1metros deben ser consultados<\/li>\n\n\n\n<li>Cubre el 100% del per\u00edmetro y de la longitud de ensayo<\/li>\n\n\n\n<li>Rango de Ensayo : A\u00e9reo (condiciones ideales), hasta 100m: Subterr\u00e1neo, normalmente 15m<\/li>\n\n\n\n<li>Sensibilidad del ensayo, detecci\u00f3n de un 9% de p\u00e9rdida de secci\u00f3n transversal. Se puede obtener una mayor sensibilidad cuando las condiciones de la l\u00edneas son \u00f3ptimas (Ej: a\u00e9reas, inoxidables, conducci\u00f3n de gas)<\/li>\n\n\n\n<li>Ideal para detecci\u00f3n de corrosi\u00f3n bajo aislaci\u00f3n t\u00e9rmica( CUI \u2013 Corrosi\u00f3n Under Insulati\u00f3n)<\/li>\n\n\n\n<li>Ideal para tramos, sin acceso o con acceso limitado, (cruces de camino, tramos a\u00e9reos)<\/li>\n<\/ul>\n<\/div>\n<\/div>\n<\/div>\n<\/div><\/div>\n\n\n\n<div class=\"wp-block-uagb-container uagb-block-4af33bc4 alignfull uagb-is-root-container\"><div class=\"uagb-container-inner-blocks-wrap\">\n<div class=\"wp-block-uagb-container uagb-block-d2bce804\">\n<div class=\"wp-block-cover is-light\" style=\"min-height:379px;aspect-ratio:unset;\"><span aria-hidden=\"true\" class=\"wp-block-cover__background has-background-dim\"><\/span><img loading=\"lazy\" decoding=\"async\" width=\"1280\" height=\"720\" class=\"wp-block-cover__image-background wp-image-382\" alt=\"\" src=\"https:\/\/vignolaingenieria.cl\/wp-content\/uploads\/2023\/10\/boroscopia-1.jpg\" style=\"object-position:13% 28%\" data-object-fit=\"cover\" data-object-position=\"13% 28%\" srcset=\"https:\/\/vignolaingenieria.cl\/wp-content\/uploads\/2023\/10\/boroscopia-1.jpg 1280w, https:\/\/vignolaingenieria.cl\/wp-content\/uploads\/2023\/10\/boroscopia-1-300x169.jpg 300w, https:\/\/vignolaingenieria.cl\/wp-content\/uploads\/2023\/10\/boroscopia-1-1024x576.jpg 1024w, https:\/\/vignolaingenieria.cl\/wp-content\/uploads\/2023\/10\/boroscopia-1-768x432.jpg 768w\" sizes=\"auto, (max-width: 1280px) 100vw, 1280px\" \/><div class=\"wp-block-cover__inner-container is-layout-constrained wp-block-cover-is-layout-constrained\">\n<p class=\"has-text-align-center has-large-font-size\"><\/p>\n<\/div><\/div>\n<\/div>\n\n\n\n<div class=\"wp-block-uagb-container uagb-block-b3e79004\">\n<div class=\"wp-block-uagb-info-box uagb-block-1b705c12 uagb-infobox__content-wrap  uagb-infobox-icon-above-title uagb-infobox-image-valign-top\"><div class=\"uagb-ifb-content\"><div class=\"uagb-ifb-title-wrap\"><h2 class=\"uagb-ifb-title\">Boroscopia -VT<\/h2><\/div><p class=\"uagb-ifb-desc\">Permite a visualizaci\u00f3n y registro de inspecciones visuales de \u00e1reas donde solo una c\u00e1mara es posible introducir. Especialmente dise\u00f1ada para visualizar intersticios, zonas sin acceso o que sea un riego para las personas.M\u00e9todo de ensayo mediante la aplicaci\u00f3n de un l\u00edquido que moja la superficie de la pieza ingresando a intersticios abiertos a la superficie, en materiales de distinta naturaleza, tales como; aceros, materiales no ferrosos, pl\u00e1sticos, pol\u00edmeros, cer\u00e1micos, o cualquier material (no poroso), que puedan presentan indicaciones abiertas a la superficie. Esta t\u00e9cnica de ensayo puede ser aplicada con l\u00edquidos visibles con luz blanca o con luz ultravioleta<\/p><div class=\"uagb-ifb-button-wrapper wp-block-button\"><a href=\"#\" class=\"uagb-infobox-cta-link wp-block-button__link\" target=\"_self\" rel=\"noopener noreferrer\" onclick=\"return false;\" alt=\"\"><span class=\"uagb-inline-editing\"><\/span><\/a><\/div><\/div><\/div>\n<\/div>\n<\/div><\/div>\n\n\n\n<div class=\"wp-block-uagb-container uagb-block-fd06c6ca alignfull uagb-is-root-container\"><div class=\"uagb-container-inner-blocks-wrap\">\n<div class=\"wp-block-uagb-container uagb-block-f6842491\">\n<div class=\"wp-block-cover\" style=\"min-height:263px;aspect-ratio:unset;\"><span aria-hidden=\"true\" class=\"wp-block-cover__background has-background-dim\"><\/span><img loading=\"lazy\" decoding=\"async\" width=\"179\" height=\"160\" class=\"wp-block-cover__image-background wp-image-54\" alt=\"\" src=\"http:\/\/vignolaingenieria.cl\/wp-content\/uploads\/2023\/10\/ndt-logo.png\" data-object-fit=\"cover\"\/><div class=\"wp-block-cover__inner-container is-layout-constrained wp-block-cover-is-layout-constrained\">\n<p class=\"has-text-align-center has-large-font-size\"><\/p>\n<\/div><\/div>\n<\/div>\n\n\n\n<div class=\"wp-block-uagb-container uagb-block-3ef047d2\">\n<div class=\"wp-block-uagb-info-box uagb-block-609bef63 uagb-infobox__content-wrap  uagb-infobox-icon-above-title uagb-infobox-image-valign-top\"><div class=\"uagb-ifb-content\"><div class=\"uagb-ifb-title-wrap\"><h2 class=\"uagb-ifb-title\">Pruebas de fugas<\/h2><\/div><p class=\"uagb-ifb-desc\">Ensayo para detectar fugas en un sistema por la aplicaci\u00f3n de una presi\u00f3n o un vac\u00edo.<\/p><div class=\"uagb-ifb-button-wrapper wp-block-button\"><a href=\"#\" class=\"uagb-infobox-cta-link wp-block-button__link\" target=\"_self\" rel=\"noopener noreferrer\" onclick=\"return false;\" alt=\"\"><span class=\"uagb-inline-editing\"><\/span><\/a><\/div><\/div><\/div>\n\n\n\n<div class=\"wp-block-uagb-container uagb-block-0a5dd21c\"><\/div>\n<\/div>\n<\/div><\/div>\n\n\n\n<div class=\"wp-block-uagb-container uagb-block-d9e74a00 alignfull uagb-is-root-container\"><div class=\"uagb-container-inner-blocks-wrap\">\n<div class=\"wp-block-uagb-container uagb-block-25f7b59e\">\n<div class=\"wp-block-cover is-light\" style=\"min-height:441px;aspect-ratio:unset;\"><span aria-hidden=\"true\" class=\"wp-block-cover__background has-background-dim\"><\/span><img loading=\"lazy\" decoding=\"async\" width=\"960\" height=\"720\" class=\"wp-block-cover__image-background wp-image-383\" alt=\"\" src=\"https:\/\/vignolaingenieria.cl\/wp-content\/uploads\/2023\/10\/SAM_0877-2.jpg\" style=\"object-position:43% 65%\" data-object-fit=\"cover\" data-object-position=\"43% 65%\" srcset=\"https:\/\/vignolaingenieria.cl\/wp-content\/uploads\/2023\/10\/SAM_0877-2.jpg 960w, https:\/\/vignolaingenieria.cl\/wp-content\/uploads\/2023\/10\/SAM_0877-2-300x225.jpg 300w, https:\/\/vignolaingenieria.cl\/wp-content\/uploads\/2023\/10\/SAM_0877-2-768x576.jpg 768w\" sizes=\"auto, (max-width: 960px) 100vw, 960px\" \/><div class=\"wp-block-cover__inner-container is-layout-constrained wp-block-cover-is-layout-constrained\">\n<p class=\"has-text-align-center has-large-font-size\"><\/p>\n<\/div><\/div>\n<\/div>\n\n\n\n<div class=\"wp-block-uagb-container uagb-block-3bb9744c\">\n<div class=\"wp-block-uagb-info-box uagb-block-6cee926f uagb-infobox__content-wrap  uagb-infobox-icon-above-title uagb-infobox-image-valign-top\"><div class=\"uagb-ifb-content\"><div class=\"uagb-ifb-title-wrap\"><h2 class=\"uagb-ifb-title\">Crawler Magn\u00e9tico Teledirigido<\/h2><\/div><p class=\"uagb-ifb-desc\">CRAWLER MAGN\u00c9TICO \u2013 UT (asistido)<br>Sistema teledirigido y magn\u00e9tico que se adhiere a las paredes verticales de estanques para la medici\u00f3n de espesores. Permite maniobrar en un 100%, el avance y desplazamiento del equipo para dirigir el equipo a zonas de inter\u00e9s.<\/p><div class=\"uagb-ifb-button-wrapper wp-block-button\"><a href=\"#\" class=\"uagb-infobox-cta-link wp-block-button__link\" target=\"_self\" rel=\"noopener noreferrer\" onclick=\"return false;\" alt=\"\"><span class=\"uagb-inline-editing\"><\/span><\/a><\/div><\/div><\/div>\n\n\n\n<div class=\"wp-block-uagb-container uagb-block-9be1f1f9\">\n<div class=\"wp-block-uagb-container uagb-block-639ec30f\">\n<h4 class=\"wp-block-heading\">CARACTER\u00cdSTICAS<\/h4>\n\n\n\n<ul class=\"wp-block-list\">\n<li>Registro continuo de espesores en toda el desplazamiento<\/li>\n\n\n\n<li>Mediciones a una velocidad alta comparada con otros medios para medir espesores.<\/li>\n\n\n\n<li>Permite adosar c\u00e1maras de videos para el registro visual de<\/li>\n\n\n\n<li>Elimina el riesgo de personas en altura<\/li>\n\n\n\n<li>Elimina el uso de andamios, escaleras o alza hombres para las mediciones<\/li>\n<\/ul>\n<\/div>\n<\/div>\n<\/div>\n<\/div><\/div>\n","protected":false},"excerpt":{"rendered":"<p>CARACTER\u00cdSTICAS CARACTER\u00cdSTICAS CARACTER\u00cdSTICAS CARACTER\u00cdSTICAS<\/p>\n","protected":false},"author":1,"featured_media":0,"parent":338,"menu_order":0,"comment_status":"closed","ping_status":"closed","template":"","meta":{"_uag_custom_page_level_css":"","site-sidebar-layout":"default","site-content-layout":"","ast-site-content-layout":"default","site-content-style":"default","site-sidebar-style":"default","ast-global-header-display":"","ast-banner-title-visibility":"","ast-main-header-display":"","ast-hfb-above-header-display":"","ast-hfb-below-header-display":"","ast-hfb-mobile-header-display":"","site-post-title":"","ast-breadcrumbs-content":"","ast-featured-img":"","footer-sml-layout":"","theme-transparent-header-meta":"","adv-header-id-meta":"","stick-header-meta":"","header-above-stick-meta":"","header-main-stick-meta":"","header-below-stick-meta":"","astra-migrate-meta-layouts":"default","ast-page-background-enabled":"default","ast-page-background-meta":{"desktop":{"background-color":"var(--ast-global-color-5)","background-image":"","background-repeat":"repeat","background-position":"center center","background-size":"auto","background-attachment":"scroll","background-type":"","background-media":"","overlay-type":"","overlay-color":"","overlay-opacity":"","overlay-gradient":""},"tablet":{"background-color":"","background-image":"","background-repeat":"repeat","background-position":"center center","background-size":"auto","background-attachment":"scroll","background-type":"","background-media":"","overlay-type":"","overlay-color":"","overlay-opacity":"","overlay-gradient":""},"mobile":{"background-color":"","background-image":"","background-repeat":"repeat","background-position":"center center","background-size":"auto","background-attachment":"scroll","background-type":"","background-media":"","overlay-type":"","overlay-color":"","overlay-opacity":"","overlay-gradient":""}},"ast-content-background-meta":{"desktop":{"background-color":"var(--ast-global-color-4)","background-image":"","background-repeat":"repeat","background-position":"center center","background-size":"auto","background-attachment":"scroll","background-type":"","background-media":"","overlay-type":"","overlay-color":"","overlay-opacity":"","overlay-gradient":""},"tablet":{"background-color":"var(--ast-global-color-4)","background-image":"","background-repeat":"repeat","background-position":"center center","background-size":"auto","background-attachment":"scroll","background-type":"","background-media":"","overlay-type":"","overlay-color":"","overlay-opacity":"","overlay-gradient":""},"mobile":{"background-color":"var(--ast-global-color-4)","background-image":"","background-repeat":"repeat","background-position":"center center","background-size":"auto","background-attachment":"scroll","background-type":"","background-media":"","overlay-type":"","overlay-color":"","overlay-opacity":"","overlay-gradient":""}},"footnotes":""},"class_list":["post-374","page","type-page","status-publish","hentry"],"uagb_featured_image_src":{"full":false,"thumbnail":false,"medium":false,"medium_large":false,"large":false,"1536x1536":false,"2048x2048":false},"uagb_author_info":{"display_name":"Rodrigo","author_link":"https:\/\/vignolaingenieria.cl\/index.php\/author\/rodrigo\/"},"uagb_comment_info":0,"uagb_excerpt":"CARACTER\u00cdSTICAS CARACTER\u00cdSTICAS CARACTER\u00cdSTICAS CARACTER\u00cdSTICAS","_links":{"self":[{"href":"https:\/\/vignolaingenieria.cl\/index.php\/wp-json\/wp\/v2\/pages\/374","targetHints":{"allow":["GET"]}}],"collection":[{"href":"https:\/\/vignolaingenieria.cl\/index.php\/wp-json\/wp\/v2\/pages"}],"about":[{"href":"https:\/\/vignolaingenieria.cl\/index.php\/wp-json\/wp\/v2\/types\/page"}],"author":[{"embeddable":true,"href":"https:\/\/vignolaingenieria.cl\/index.php\/wp-json\/wp\/v2\/users\/1"}],"replies":[{"embeddable":true,"href":"https:\/\/vignolaingenieria.cl\/index.php\/wp-json\/wp\/v2\/comments?post=374"}],"version-history":[{"count":4,"href":"https:\/\/vignolaingenieria.cl\/index.php\/wp-json\/wp\/v2\/pages\/374\/revisions"}],"predecessor-version":[{"id":384,"href":"https:\/\/vignolaingenieria.cl\/index.php\/wp-json\/wp\/v2\/pages\/374\/revisions\/384"}],"up":[{"embeddable":true,"href":"https:\/\/vignolaingenieria.cl\/index.php\/wp-json\/wp\/v2\/pages\/338"}],"wp:attachment":[{"href":"https:\/\/vignolaingenieria.cl\/index.php\/wp-json\/wp\/v2\/media?parent=374"}],"curies":[{"name":"wp","href":"https:\/\/api.w.org\/{rel}","templated":true}]}}